465.
9
Calculate the greatest common divisor of 82658992 and 86656.
10832
What is the greatest common divisor of 47 and 1430892299?
47
What is the highest common divisor of 312 and 21169746?
78
What is the greatest common factor of 726266 and 4?
2
Calculate the greatest common factor of 7279008 and 2112.
1056
Calculate the greatest common divisor of 72 and 435807.
9
Calculate the greatest common factor of 17038420 and 5950.
1190
What is the highest common divisor of 3029 and 6688731?
233
What is the greatest common factor of 4009 and 2434307?
211
Calculate the highest common factor of 5486373 and 891.
81
What is the highest common divisor of 5968161 and 48681?
81
What is the highest common factor of 1047 and 627153?
1047
What is the highest common factor of 4048785 and 10935?
405
Calculate the highest common factor of 528 and 22292908.
44
Calculate the greatest common factor of 1086 and 9991200.
1086
Calculate the greatest common factor of 40476 and 66972.
12
What is the highest common divisor of 29016156 and 156?
156
Calculate the highest common factor of 210 and 117102510.
210
Calculate the highest common factor of 568 and 2768858.
142
Calculate the highest common factor of 1078 and 698466538.
154
What is the greatest common divisor of 989 and 152972801?
43
What is the highest common factor of 975 and 754845000?
975
What is the greatest common divisor of 1472414 and 414?
46
What is the highest common factor of 59 and 5510364?
59
What is the highest common divisor of 3052166 and 301977?
1157
What is the highest common divisor of 39236353 and 975?
13
What is the highest common factor of 326960 and 625780?
1340
What is the greatest common factor of 1228 and 9968597?
307
Calculate the highest common divisor of 9039977 and 126727.
353
What is the greatest common factor of 14 and 1184701?
7
What is the highest common factor of 239760 and 3294?
54
What is the highest common divisor of 2166 and 422655912?
2166
Calculate the greatest common divisor of 7939698 and 26.
26
Calculate the highest common factor of 35721254 and 1587.
529
What is the highest common divisor of 448 and 3334772?
28
Calculate the highest common divisor of 1916783 and 2684.
11
Calculate the greatest common factor of 136 and 208518464.
136
Calculate the greatest common divisor of 19935 and 8091.
9
What is the highest common factor of 4865959 and 1238?
619
Calculate the greatest common factor of 394 and 2044626752.
394
What is the highest common divisor of 90 and 64635840?
90
Calculate the highest common factor of 142 and 20450.
2
Calculate the greatest common divisor of 332400 and 1801200.
1200
What is the highest common divisor of 6195 and 4717935?
885
What is the greatest common divisor of 6470750 and 130?
130
Calculate the greatest common factor of 2244 and 18606.
6
Calculate the greatest common factor of 9285 and 4765245.
15
What is the greatest common factor of 14168 and 7692608?
616
What is the highest common factor of 23867060 and 1129?
1129
What is the greatest common factor of 5884 and 1302764672?
5884
Calculate the greatest common factor of 527776 and 4608.
32
Calculate the greatest common factor of 46990 and 466206586.
9398
Calculate the highest common factor of 388663020 and 180.
180
What is the greatest common divisor of 2538286 and 76?
38
Calculate the greatest common factor of 746 and 97365309.
373
What is the greatest common factor of 9038735 and 11272?
1409
What is the highest common factor of 61 and 146386275?
61
Calculate the highest common factor of 168 and 401226.
42
Calculate the greatest common divisor of 437800134 and 24144.
3018
Calculate the highest common factor of 2255229396 and 5796.
5796
What is the greatest common factor of 1066 and 1008358?
26
Calculate the greatest common factor of 1360492 and 448.
28
Calculate the highest common divisor of 7037 and 176833.
227
What is the highest common divisor of 1608 and 302856?
24
What is the greatest common divisor of 15 and 1168500?
15
Calculate the highest common divisor of 180 and 1510748.
4
What is the highest common factor of 23393634 and 11825?
473
Calculate the highest common divisor of 36499 and 55061962.
2147
What is the highest common factor of 183376 and 5712288?
2512
Calculate the greatest common factor of 614525650 and 10900.
5450
Calculate the greatest common factor of 8067 and 216888.
3
What is the greatest common factor of 77 and 9141944?
7
Calculate the highest common factor of 24056304 and 24.
24
What is the greatest common divisor of 15586 and 122?
2
Calculate the greatest common factor of 5274123 and 21.
3
Calculate the highest common divisor of 48293544 and 104.
104
Calculate the greatest common factor of 3658780045 and 6185.
6185
What is the greatest common factor of 92598 and 5176380?
1518
Calculate the highest common factor of 326160 and 553415.
755
Calculate the greatest common divisor of 420191701 and 29.
29
What is the highest common divisor of 38325 and 140849850?
5475
What is the greatest common factor of 30547500 and 6000?
1500
Calculate the highest common factor of 3732407 and 11529.
427
What is the highest common factor of 1595 and 3380443?
319
Calculate the highest common factor of 39390 and 1670.
10
Calculate the highest common divisor of 4232 and 1725184.
184
Calculate the highest common factor of 4120935 and 10920.
1365
Calculate the greatest common divisor of 18778795 and 1295.
1295
Calculate the highest common factor of 40688303 and 1137.
379
What is the greatest common factor of 168012939 and 12?
3
Calculate the greatest common factor of 4182 and 12543294.
246
Calculate the greatest common divisor of 690488711 and 86.
43
Calculate the greatest common divisor of 1017479331 and 18.
9
Calculate the highest common divisor of 4549931 and 578.
17
Calculate the greatest common divisor of 662 and 363397949.
331
Calculate the greatest common factor of 7480 and 1038598.
374
Calculate the greatest common divisor of 35646 and 247182.
78
What is the highest common divisor of 142654513 and 218?
109
What is the highest common divisor of 1616146 and 165326?
3374
What is the greatest common divisor of 979962635 and 841?
841
What is the greatest common factor of 2349 and 59881086?
27
What is the greatest common factor of 466842 and 56376?
174
Calculate the highest common divisor of 59445 and 70.
5
What is the greatest common divisor of 776770 and 3114?
346
What is the highest common factor of 5724400 and 118800?
4400
Calculate the highest common divisor of 645252 and 74785972.
12652
What is the highest common divisor of 4081387 and 1?
1
Calculate the highest common divisor of 75705401 and 239.
239
Calculate the greatest common factor of 1 and 18994515.
1
What is the greatest common factor of 2236 and 649324?
52
Calculate the highest common divisor of 75 and 147027.
3
Calculate the highest common divisor of 959426 and 494.
26
Calculate the highest common factor of 17425478 and 1778.
14
Calculate the highest common factor of 523841 and 244229.
863
Calculate the highest common factor of 1267195410 and 1170.
1170
Calculate the greatest common divisor of 91 and 78299.
13
Calculate the highest common factor of 2204700 and 17925.
75
Calculate the greatest common divisor of 38029 and 130101.
17
What is the highest common factor of 79261722 and 144?
18
Calculate the greatest common divisor of 161226 and 114374.
1378
What is the highest common factor of 40 and 22522408?
8
Calculate the highest common factor of 6564 and 996.
12
What is the greatest common factor of 1002483 and 783?
27
Calculate the highest common factor of 11253658 and 78.
26
What is the greatest common factor of 192865 and 32980?
85
What is the greatest common factor of 12300273 and 558?
279
Calculate the greatest common divisor of 8458787 and 7969.
613
Calculate the highest common divisor of 20884 and 164979.
23
Calculate the greatest common factor of 748068204 and 663.
663
Calculate the greatest common factor of 7479 and 292147191.
2493
Calculate the greatest common factor of 6188 and 1330624.
68
What is the greatest common divisor of 9632 and 116984?
56
What is the highest common factor of 2176 and 33618962?
34
What is the highest common divisor of 3359832 and 4557?
147
What is the highest common divisor of 10217826 and 1134